of 80 and 32048?
16
What is the greatest common divisor of 103 and 8446?
103
Calculate the highest common divisor of 27 and 51.
3
What is the greatest common divisor of 102 and 1003?
17
Calculate the greatest common divisor of 713 and 138.
23
What is the highest common divisor of 7748 and 78?
26
What is the greatest common divisor of 268 and 4958?
134
Calculate the greatest common factor of 220 and 165.
55
What is the greatest common factor of 285 and 152?
19
What is the highest common divisor of 13 and 20189?
13
Calculate the greatest common factor of 1166 and 242.
22
What is the greatest common divisor of 122 and 22?
2
Calculate the highest common divisor of 329 and 47.
47
Calculate the greatest common factor of 108 and 60.
12
What is the highest common divisor of 339 and 2599?
113
What is the highest common divisor of 188 and 7097?
47
Calculate the greatest common factor of 30 and 246.
6
Calculate the highest common divisor of 1260 and 112.
28
Calculate the highest common factor of 20 and 305.
5
Calculate the greatest common divisor of 105 and 2555.
35
Calculate the highest common divisor of 24 and 1944.
24
Calculate the greatest common factor of 308 and 3136.
28
What is the highest common factor of 621 and 27?
27
Calculate the greatest common factor of 94937 and 139.
139
What is the highest common factor of 36 and 3192?
12
What is the greatest common divisor of 128 and 8?
8
Calculate the greatest common divisor of 2325 and 31.
31
Calculate the highest common divisor of 14 and 875.
7
Calculate the highest common divisor of 304 and 133.
19
Calculate the greatest common factor of 675 and 25.
25
What is the highest common divisor of 2979 and 27?
9
What is the greatest common factor of 272 and 170?
34
What is the highest common divisor of 2420 and 44?
44
What is the greatest common divisor of 2376 and 1080?
216
Calculate the greatest common factor of 144 and 96.
48
What is the highest common divisor of 120 and 630?
30
What is the highest common factor of 55 and 160?
5
What is the greatest common factor of 4321 and 149?
149
Calculate the highest common divisor of 23 and 2668.
23
What is the highest common factor of 4870 and 40?
10
Calculate the greatest common factor of 9 and 72.
9
What is the greatest common divisor of 182 and 28?
14
What is the greatest common divisor of 33 and 378?
3
Calculate the highest common divisor of 7 and 5.
1
What is the highest common factor of 150 and 120?
30
Calculate the highest common factor of 8075 and 76.
19
Calculate the highest common factor of 650 and 1755.
65
Calculate the greatest common divisor of 15240 and 30.
30
Calculate the greatest common factor of 120 and 510.
30
What is the greatest common divisor of 1600 and 128?
64
Calculate the greatest common divisor of 171 and 1121.
19
What is the greatest common factor of 18468 and 54?
54
What is the highest common divisor of 22052 and 222?
74
Calculate the greatest common factor of 250 and 2.
2
What is the greatest common factor of 78 and 65?
13
Calculate the greatest common divisor of 5 and 545.
5
What is the highest common divisor of 4 and 13284?
4
What is the highest common factor of 384 and 12?
12
What is the greatest common divisor of 45 and 63?
9
What is the greatest common factor of 36 and 1548?
36
Calculate the greatest common divisor of 8320 and 256.
128
What is the highest common factor of 16 and 7?
1
What is the highest common factor of 1652 and 56?
28
What is the highest common divisor of 5852 and 228?
76
What is the greatest common divisor of 4 and 43?
1
Calculate the highest common factor of 170 and 646.
34
What is the greatest common divisor of 470 and 10?
10
What is the highest common divisor of 1491 and 42?
21
Calculate the highest common divisor of 231 and 385.
77
Calculate the greatest common factor of 156 and 4875.
39
What is the greatest common divisor of 666 and 63?
9
What is the greatest common divisor of 12 and 42?
6
What is the greatest common divisor of 26 and 8086?
26
What is the greatest common divisor of 48 and 1528?
8
Calculate the highest common factor of 18331 and 46.
23
Calculate the greatest common divisor of 189 and 486.
27
What is the greatest common divisor of 439 and 2?
1
Calculate the greatest common factor of 225 and 825.
75
Calculate the highest common divisor of 228 and 1900.
76
What is the greatest common divisor of 376 and 72?
8
Calculate the highest common factor of 5528 and 24.
8
What is the greatest common factor of 21 and 2163?
21
Calculate the highest common divisor of 18417 and 21.
21
Calculate the highest common divisor of 632 and 64.
8
Calculate the highest common factor of 6225 and 747.
249
What is the highest common factor of 10476 and 144?
36
What is the highest common factor of 1420 and 8?
4
What is the greatest common divisor of 203 and 87?
29
Calculate the greatest common factor of 16 and 848.
16
Calculate the highest common divisor of 2343 and 528.
33
What is the highest common factor of 441 and 126?
63
Calculate the highest common divisor of 98 and 13622.
98
Calculate the greatest common divisor of 178 and 5162.
178
What is the greatest common factor of 1435 and 70?
35
Calculate the greatest common divisor of 6 and 42.
6
What is the highest common factor of 30 and 110?
10
Calculate the highest common factor of 5899 and 51.
17
Calculate the highest common factor of 32 and 5792.
32
Calculate the greatest common divisor of 1485 and 66.
33
Calculate the highest common factor of 230 and 16.
2
What is the highest common divisor of 20882 and 106?
106
Calculate the greatest common divisor of 1104 and 69.
69
What is the greatest common divisor of 238 and 182?
14
What is the highest common divisor of 288 and 63?
9
Calculate the highest common divisor of 204 and 12.
12
What is the greatest common factor of 2156 and 264?
44
Calculate the greatest common divisor of 670 and 10.
10
What is the highest common divisor of 93 and 2480?
31
Calculate the highest common divisor of 232 and 58.
58
What is the highest common factor of 2735 and 70?
5
What is the highest common factor of 83 and 1909?
83
What is the greatest common divisor of 8680 and 20?
20
What is the highest common factor of 7698 and 18?
6
What is the highest common divisor of 26 and 2522?
26
Calculate the highest common factor of 171 and 209.
19
What is the greatest common factor of 576 and 4416?
192
Calculate the highest common factor of 1612 and 52.
52
What is the highest common factor of 37 and 5217?
37
Calculate the highest common divisor of 54 and 126.
18
Calculate the greatest common divisor of 24 and 448.
8
What is the highest common divisor of 192 and 366?
6
What is the greatest common divisor of 119 and 7616?
119
What is the highest common divisor of 20 and 580?
20
Calculate the highest common divisor of 28 and 91.
7
What is the highest common divisor of 105 and 357?
21
What is the highest common factor of 69 and 23?
23
Calculate the highest common factor of 33 and 11.
11
What is the highest common divisor of 135 and 51?
3
Calculate the highest common divisor of 140 and 4270.
70
Calculate the highest common factor of 212 and 583.
53
Calculate the highest common factor of 21 and 1603.
7
Calculate the greatest common factor of 112 and 644.
28
Calculate the greatest common divisor of 30 and 580.
10
What is the greatest common divisor of 7105 and 290?
145
Calculate the highest common divisor of 560 and 416.
16
Calculate the highest common divisor of 504 and 1152.
72
What is the greatest common divisor of 51 and 1479?
51
Calculate the highest common divisor of 5858 and 808.
202
What is the greatest common factor of 6 and 486?
6
Calculate the greatest common factor of 441 and 49.
49
Calculate the greatest common factor of 8397 and 622.
311
Calculate the greatest common divisor of 1125 and 25.
25
What is the greatest common divisor of 33 and 42735?
33
Calculate the highest common divisor of 72 and 522.
18
What is the greatest common divisor of 630 and 1386?
126
Calculate the greatest common factor of 275 and 88.
11
Calculate the greatest common factor of 228 and 3268.
76
Calculate the highest common factor of 75 and 2525.
25
Calculate the highest common divisor of 1750 and 70.
70
Calculate the highest common factor of 3584 and 560.
112
What is the h